{"id":60,"date":"2020-10-04T11:58:23","date_gmt":"2020-10-04T11:58:23","guid":{"rendered":"http:\/\/impactprojekt.pl\/?page_id=60"},"modified":"2026-03-17T20:09:32","modified_gmt":"2026-03-17T20:09:32","slug":"strona-glowna","status":"publish","type":"page","link":"https:\/\/impactprojekt.pl\/","title":{"rendered":"STRONA GLOWNA"},"content":{"rendered":"\n<p class=\"has-drop-cap has-text-align-left has-white-color has-text-color has-background\" style=\"background:linear-gradient(135deg,rgb(0,0,0) 0%,rgb(229,0,0) 66%);font-size:16px;font-style:normal;font-weight:700;letter-spacing:1px\">firma \u015bwiadczy us\u0142ugi w zakresie:<br>&#8211; dokumentacji projektowej instalacji elektrycznych, teletechnicznych, automatyki budynk\u00f3w<br>&#8211; nadzor\u00f3w inwestorskich nad realizacj\u0105 inwestycji<\/p>\n\n\n\n<div class=\"is-layout-flex wp-container-3 wp-block-columns\">\n<div class=\"is-layout-flow wp-block-column\">\n<hr class=\"wp-block-separator has-alpha-channel-opacity\"\/>\n<\/div>\n\n\n\n<div class=\"is-layout-flow wp-block-column\">\n<p><\/p>\n<\/div>\n<\/div>\n\n\n\n<hr class=\"wp-block-separator has-alpha-channel-opacity is-style-wide\"\/>\n\n\n\n<div class=\"is-layout-flex wp-container-12 wp-block-columns\">\n<div class=\"is-layout-flow wp-block-column is-vertically-aligned-center\" style=\"flex-basis:100%\">\n<div class=\"is-layout-flex wp-container-7 wp-block-columns\">\n<div class=\"is-layout-flow wp-block-column\">\n<p class=\"has-text-align-center has-white-color has-text-color has-background\" style=\"background:linear-gradient(135deg,rgb(0,0,0) 26%,rgb(255,255,255) 100%);font-size:16px;text-transform:uppercase\"><strong>Oferta<\/strong><\/p>\n\n\n\n<p style=\"font-size:15px\">&#8211; Dokumentacja projektowa<br>&#8211; Nadzory inwestorskie<br>&#8211; Nadzory autorskie<br>&#8211; Opiniowanie dokumentacji projektowej<br>&#8211; Analizy techniczno-finansowe projekt\u00f3w<\/p>\n<\/div>\n\n\n\n<div class=\"is-layout-flow wp-block-column\">\n<p class=\"has-white-color has-text-color has-background\" style=\"background:linear-gradient(90deg,rgb(0,0,0) 23%,rgb(255,255,255) 100%);font-size:16px;text-transform:uppercase\"><strong>Instalacje Elektryczne<\/strong><\/p>\n\n\n\n<p style=\"font-size:15px\">&#8211; Instalacje o\u015bwietlenia podstawowego<br>&#8211; Instalacje o\u015bwietlenia awaryjnego i ewakuacyjnego<br>&#8211; Rozdzielnice SN\/nn<br>&#8211; Instalacje rozdzielcze i odbiorcze niskiego napi\u0119cia<br>&#8211; Systemy zasilania rezerwowego i gwarantowanego<br>&#8211; Instalacje uziemie\u0144 i po\u0142\u0105cze\u0144 wyr\u00f3wnawczych<br>&#8211; Systemy sterowania o\u015bwietleniem<br>&#8211; Sieci i przy\u0142\u0105cza SN i nn<br>&#8211; Stacje transformatorowe<br>&#8211; O\u015bwietlenie zewn\u0119trzne (parkingi, drogi, place)<br>&#8211; O\u015bwietlenie iluminacyjne&nbsp;budynk\u00f3w<br>&#8211; Instalacje fotowoltaiczne<\/p>\n\n\n\n<p><\/p>\n<\/div>\n\n\n\n<div class=\"is-layout-flow wp-block-column\">\n<p class=\"has-white-color has-text-color has-background\" style=\"background:linear-gradient(135deg,rgb(0,0,0) 26%,rgb(255,255,255) 100%);font-size:16px;text-transform:uppercase\"><strong>Instalacje Niskopr\u0105dowe<\/strong><\/p>\n\n\n\n<p style=\"font-size:15px\">&#8211; Systemy sygnalizacji po\u017caru (SSP\/SAP)<br>&#8211; D\u017awi\u0119kowe systemy ostrzegawcze<br>&#8211; Instalacje kontroli dost\u0119pu<br>&#8211; Instalacje okablowania strukturalnego&nbsp;<br>&#8211; Instalacje Audio \u2013 Video<br>&#8211; Telewizja przemys\u0142owa CCTV<br>&#8211; Systemy Sygnalizacji W\u0142amania i Napadu SSWiN<br>&#8211; Instalacje telefoniczne<br>&#8211; Instalacje domofonowe<br>&#8211; Instalacje dzwonkowe i przyzywowe<br>&#8211; Instalacje RTV i RTV-SAT<br>&#8211; Instalacje detekcji tlenku w\u0119gla CO, LPG<br>&#8211; Instalacje BMS<\/p>\n<\/div>\n<\/div>\n\n\n\n<div class=\"is-layout-flex wp-container-10 wp-block-columns\">\n<div class=\"is-layout-flow wp-block-column\">\n<p class=\"has-text-align-center has-white-color has-text-color has-background\" style=\"background:linear-gradient(135deg,rgb(0,0,0) 28%,rgb(255,255,255) 100%)\"><strong>DANE KONTAKTOWE<\/strong><\/p>\n\n\n\n<p class=\"has-text-align-center\"><strong>IMPACT Projekt Sp. z o. o.<\/strong><br>ul. Chmielna 2\/31, 00-020 Warszawa<br>impact@impactprojekt.pl<br>NIP: 52 52 67 68 63<br>REGON: 365440220<br>KRS: 0000637888<\/p>\n<\/div>\n\n\n\n<div class=\"is-layout-flow wp-block-column\">\n<p class=\"has-text-align-center has-white-color has-text-color has-background\" style=\"background:linear-gradient(135deg,rgb(0,0,0) 28%,rgb(255,255,255) 100%)\"><strong>LOKALIZACJA<\/strong><\/p>\n\n\n\n<p class=\"has-text-align-center\"><\/p>\n<\/div>\n<\/div>\n<\/div>\n<\/div>\n\n\n\n<hr class=\"wp-block-separator has-alpha-channel-opacity is-style-wide\"\/>\n\n\n\n<p class=\"has-text-align-center has-white-color has-text-color has-background has-medium-font-size\" style=\"background:linear-gradient(135deg,rgb(0,0,0) 34%,rgb(255,255,255) 100%);text-transform:uppercase\">POWI\u0104ZANE STRONY<\/p>\n\n\n\n<div class=\"is-layout-flex wp-container-15 wp-block-columns\">\n<div class=\"is-layout-flow wp-block-column\"><div class=\"wp-block-image is-style-default\">\n<figure class=\"aligncenter size-large is-resized\"><a href=\"https:\/\/www.facebook.com\/profile.php?id=100054644130945\"><img decoding=\"async\" loading=\"lazy\" src=\"http:\/\/impactprojekt.pl\/wp-content\/uploads\/2023\/01\/0-4820_15-logo-facebook-png-for-free-download-on-1024x1024.png\" alt=\"\" class=\"wp-image-413\" width=\"120\" height=\"120\" srcset=\"https:\/\/impactprojekt.pl\/wp-content\/uploads\/2023\/01\/0-4820_15-logo-facebook-png-for-free-download-on-1024x1024.png 1024w, https:\/\/impactprojekt.pl\/wp-content\/uploads\/2023\/01\/0-4820_15-logo-facebook-png-for-free-download-on-300x300.png 300w, https:\/\/impactprojekt.pl\/wp-content\/uploads\/2023\/01\/0-4820_15-logo-facebook-png-for-free-download-on-150x150.png 150w, https:\/\/impactprojekt.pl\/wp-content\/uploads\/2023\/01\/0-4820_15-logo-facebook-png-for-free-download-on-768x767.png 768w, https:\/\/impactprojekt.pl\/wp-content\/uploads\/2023\/01\/0-4820_15-logo-facebook-png-for-free-download-on.png 1322w\" sizes=\"(max-width: 120px) 100vw, 120px\" \/><\/a><\/figure><\/div><\/div>\n\n\n\n<div class=\"is-layout-flow wp-block-column\"><div class=\"wp-block-image\">\n<figure class=\"aligncenter size-large is-resized\"><a href=\"https:\/\/energetyka.impactprojekt.pl\/\"><img decoding=\"async\" loading=\"lazy\" src=\"https:\/\/impactprojekt.pl\/wp-content\/uploads\/2026\/03\/iMPACT-Fotowoltaika_-edited.png\" alt=\"\" class=\"wp-image-481\" width=\"174\" height=\"116\" srcset=\"https:\/\/impactprojekt.pl\/wp-content\/uploads\/2026\/03\/iMPACT-Fotowoltaika_-edited.png 1024w, https:\/\/impactprojekt.pl\/wp-content\/uploads\/2026\/03\/iMPACT-Fotowoltaika_-edited-300x200.png 300w, https:\/\/impactprojekt.pl\/wp-content\/uploads\/2026\/03\/iMPACT-Fotowoltaika_-edited-768x512.png 768w, https:\/\/impactprojekt.pl\/wp-content\/uploads\/2026\/03\/iMPACT-Fotowoltaika_-edited-570x380.png 570w\" sizes=\"(max-width: 174px) 100vw, 174px\" \/><\/a><\/figure><\/div><\/div>\n<\/div>\n","protected":false},"excerpt":{"rendered":"<p>firma \u015bwiadczy us\u0142ugi w zakresie:&#8211; dokumentacji projektowej instalacji elektrycznych, teletechnicznych, automatyki budynk\u00f3w&#8211; nadzor\u00f3w inwestorskich nad realizacj\u0105 inwestycji Oferta &#8211; Dokumentacja projektowa&#8211; Nadzory inwestorskie&#8211; Nadzory autorskie&#8211; Opiniowanie dokumentacji projektowej&#8211; Analizy techniczno-finansowe projekt\u00f3w Instalacje Elektryczne &#8211; Instalacje o\u015bwietlenia podstawowego&#8211; Instalacje o\u015bwietlenia awaryjnego i ewakuacyjnego&#8211; Rozdzielnice SN\/nn&#8211; Instalacje rozdzielcze i odbiorcze niskiego napi\u0119cia&#8211; Systemy zasilania rezerwowego i gwarantowanego&#8211;&#8230;<\/p>\n<p class=\"more-link\"><a href=\"https:\/\/impactprojekt.pl\/\" class=\"themebutton3\">Read More<\/a><\/p>\n","protected":false},"author":1,"featured_media":0,"parent":0,"menu_order":0,"comment_status":"closed","ping_status":"closed","template":"","meta":{"_mi_skip_tracking":false},"_links":{"self":[{"href":"https:\/\/impactprojekt.pl\/index.php\/wp-json\/wp\/v2\/pages\/60"}],"collection":[{"href":"https:\/\/impactprojekt.pl\/index.php\/wp-json\/wp\/v2\/pages"}],"about":[{"href":"https:\/\/impactprojekt.pl\/index.php\/wp-json\/wp\/v2\/types\/page"}],"author":[{"embeddable":true,"href":"https:\/\/impactprojekt.pl\/index.php\/wp-json\/wp\/v2\/users\/1"}],"replies":[{"embeddable":true,"href":"https:\/\/impactprojekt.pl\/index.php\/wp-json\/wp\/v2\/comments?post=60"}],"version-history":[{"count":166,"href":"https:\/\/impactprojekt.pl\/index.php\/wp-json\/wp\/v2\/pages\/60\/revisions"}],"predecessor-version":[{"id":483,"href":"https:\/\/impactprojekt.pl\/index.php\/wp-json\/wp\/v2\/pages\/60\/revisions\/483"}],"wp:attachment":[{"href":"https:\/\/impactprojekt.pl\/index.php\/wp-json\/wp\/v2\/media?parent=60"}],"curies":[{"name":"wp","href":"https:\/\/api.w.org\/{rel}","templated":true}]}}